s divided by 174?
25
Calculate the remainder when 26565 is divided by 18.
15
What is the remainder when 4157 is divided by 189?
188
What is the remainder when 1608537 is divided by 228?
225
What is the remainder when 2233 is divided by 23?
2
What is the remainder when 53931 is divided by 145?
136
Calculate the remainder when 44599 is divided by 22288.
23
What is the remainder when 200721 is divided by 24?
9
What is the remainder when 1564 is divided by 256?
28
What is the remainder when 4594 is divided by 1496?
106
What is the remainder when 22465 is divided by 902?
817
Calculate the remainder when 3303 is divided by 1644.
15
Calculate the remainder when 8077 is divided by 3834.
409
What is the remainder when 952 is divided by 3?
1
Calculate the remainder when 133 is divided by 108.
25
Calculate the remainder when 71396 is divided by 70.
66
Calculate the remainder when 18010 is divided by 175.
160
What is the remainder when 1341125 is divided by 19?
10
What is the remainder when 6248 is divided by 430?
228
What is the remainder when 24017 is divided by 408?
353
What is the remainder when 1208 is divided by 43?
4
Calculate the remainder when 2293 is divided by 25.
18
Calculate the remainder when 63198 is divided by 138.
132
What is the remainder when 47284 is divided by 15742?
58
Calculate the remainder when 7959 is divided by 1315.
69
What is the remainder when 382064 is divided by 127350?
14
Calculate the remainder when 32885 is divided by 115.
110
Calculate the remainder when 13608 is divided by 453.
18
What is the remainder when 167944 is divided by 5?
4
What is the remainder when 3169 is divided by 25?
19
What is the remainder when 57466 is divided by 32?
26
Calculate the remainder when 13165 is divided by 818.
77
Calculate the remainder when 635895 is divided by 19269.
18
Calculate the remainder when 62879 is divided by 446.
439
Calculate the remainder when 157520 is divided by 92.
16
Calculate the remainder when 3913 is divided by 557.
14
Calculate the remainder when 5560 is divided by 926.
4
Calculate the remainder when 1516749 is divided by 349.
344
What is the remainder when 220467 is divided by 115?
12
What is the remainder when 35715 is divided by 17852?
11
Calculate the remainder when 55242 is divided by 35.
12
Calculate the remainder when 94545 is divided by 610.
605
What is the remainder when 375131 is divided by 982?
7
What is the remainder when 10654 is divided by 5319?
16
Calculate the remainder when 1495 is divided by 126.
109
Calculate the remainder when 300 is divided by 192.
108
What is the remainder when 48638 is divided by 69?
62
What is the remainder when 1751 is divided by 394?
175
Calculate the remainder when 50365 is divided by 367.
86
What is the remainder when 1751688 is divided by 55?
48
What is the remainder when 83933 is divided by 1526?
3
What is the remainder when 842133 is divided by 158?
151
What is the remainder when 3125 is divided by 3115?
10
What is the remainder when 10094 is divided by 87?
2
Calculate the remainder when 11021 is divided by 10.
1
What is the remainder when 12717 is divided by 153?
18
What is the remainder when 228026 is divided by 114003?
20
What is the remainder when 5636195 is divided by 1577?
1574
What is the remainder when 51640 is divided by 315?
295
Calculate the remainder when 633203 is divided by 1107.
1106
Calculate the remainder when 67936 is divided by 10.
6
Calculate the remainder when 3090 is divided by 1383.
324
What is the remainder when 1908 is divided by 897?
114
Calculate the remainder when 8008 is divided by 6377.
1631
What is the remainder when 16185 is divided by 1269?
957
Calculate the remainder when 116725 is divided by 7294.
21
What is the remainder when 129400 is divided by 16?
8
Calculate the remainder when 2779 is divided by 156.
127
Calculate the remainder when 5466 is divided by 245.
76
What is the remainder when 9288 is divided by 4194?
900
What is the remainder when 52504 is divided by 34?
8
What is the remainder when 191238 is divided by 31?
30
Calculate the remainder when 5508153 is divided by 20.
13
Calculate the remainder when 364 is divided by 83.
32
What is the remainder when 145 is divided by 28?
5
Calculate the remainder when 908 is divided by 124.
40
Calculate the remainder when 821 is divided by 697.
124
What is the remainder when 10728 is divided by 3567?
27
Calculate the remainder when 3965 is divided by 1790.
385
Calculate the remainder when 2418779 is divided by 498.
491
What is the remainder when 132527 is divided by 24?
23
Calculate the remainder when 8178 is divided by 101.
98
Calculate the remainder when 445010 is divided by 1692.
14
What is the remainder when 9429 is divided by 9418?
11
What is the remainder when 352257 is divided by 95?
92
Calculate the remainder when 916 is divided by 248.
172
Calculate the remainder when 360 is divided by 254.
106
What is the remainder when 1674 is divided by 1181?
493
What is the remainder when 14739 is divided by 162?
159
What is the remainder when 445714 is divided by 18?
16
Calculate the remainder when 168934 is divided by 18.
4
What is the remainder when 703556 is divided by 312?
308
Calculate the remainder when 2089 is divided by 207.
19
What is the remainder when 32692 is divided by 16343?
6
Calculate the remainder when 1489 is divided by 702.
85
What is the remainder when 2222 is divided by 32?
14
Calculate the remainder when 116363 is divided by 79.
75
Calculate the remainder when 525388 is divided by 261.
256
Calculate the remainder when 45558 is divided by 249.
240
What is the remainder when 117203 is divided by 23436?
23
Calculate the remainder when 461701 is divided by 115424.
5
What is the remainder when 66253 is divided by 211?
210
What is the remainder when 541829 is divided by 5?
4
What is the remainder when 9369 is divided by 405?
54
What is the remainder when 5438 is divided by 1354?
22
What is the remainder when 1760 is divided by 536?
152
What is the remainder when 72 is divided by 13?
7
Calculate the remainder when 3175 is divided by 55.
40
Calculate the remainder when 41610 is divided by 10401.
6
What is the remainder when 123150 is divided by 61544?
62
What is the remainder when 78065 is divided by 18?
17
What is the remainder when 34569 is divided by 71?
63
What is the remainder when 171688 is divided by 777?
748
What is the remainder when 283885 is divided by 9157?
18
What is the remainder when 117805 is divided by 13?
12
Calculate the remainder when 136387 is divided by 14.
13
What is the remainder when 2879 is divided by 23?
4
Calculate the remainder when 7959 is divided by 2653.
0
What is the remainder when 14035 is divided by 439?
426
What is the remainder when 10461 is divided by 4?
1
Calculate the remainder when 4145 is divided by 26.
11
What is the remainder when 894007 is divided by 2384?
7
Calculate the remainder when 2107 is divided by 64.
59
What is the remainder when 29154 is divided by 805?
174
Calculate the remainder when 11187 is divided by 3497.
696
What is the remainder when 2500 is divided by 2061?
439
What is the remainder when 28438 is divided by 46?
10
Calculate the remainder when 11944 is divided by 5968.
8
What is the remainder when 218419 is divided by 72802?
13
What is the remainder when 4467 is divided by 637?
8
What is the remainder when 33640 is divided by 33?
13
What is the remainder when 728504 is divided by 791?
784
What is the remainder when 4842 is divided by 160?
42
Calculate the remainder when 1177 is divided by 164.
29
What is the remainder when 28779 is divided by 5718?
189
What is the remainder when 51045 is divided by 134?
125
Calculate the remainder when 233695 is divided by 498.
133
What is the remainder when 48102 is divided by 408?
366
What is the remainder when 23467 is divided by 340?
7
Calculate the remainder when 5045 is divided by 168.
5
What is the remainder when 51775 is divided by 93?
67
Calculate the remainder when 13339 is divided by 611.
508
Calculate the remainder when 855 is divided by 304.
247
What is the remainder when 168726 is divided by 53?
27
Calculate the remainder when 44182 is divided by 496.
38
What is the remainder when 7020 is divided by 1739?
64
What is the remainder when 662 is divided by 655?
7
What i